{"id":12909,"date":"2025-01-20T16:44:50","date_gmt":"2025-01-20T15:44:50","guid":{"rendered":"https:\/\/policlinicacuplatagalati.ro\/farmacie\/?post_type=product&#038;p=12909"},"modified":"2025-01-22T14:41:29","modified_gmt":"2025-01-22T13:41:29","slug":"otolax","status":"publish","type":"product","link":"https:\/\/policlinicacuplatagalati.ro\/farmacie\/apt\/otolax\/","title":{"rendered":"Otolax"},"content":{"rendered":"\n<h2 class=\"wp-block-heading\">Ce este Otolax \u0219i cum func\u021bioneaz\u0103?<\/h2>\n\n\n\n<p>Otolax este un <b>supliment auditiv<\/b> inovator conceput pentru a <b>sus\u021bine s\u0103n\u0103tatea urechii<\/b> \u0219i a \u00eembun\u0103t\u0103\u021bi func\u021bia auditiv\u0103. Suplimentul se bazeaz\u0103 pe ingrediente active atent selec\u021bionate care sus\u021bin organismul \u00eentr-un mod natural. <b>Ac\u021biunea Otolax<\/b> este \u00een principal de a \u00eembun\u0103t\u0103\u021bi circula\u021bia s\u00e2ngelui, care este crucial\u0103 pentru buna func\u021bionare a organului auditiv.<\/p>\n\n\n\n<p><b>Otolax<\/b> con\u021bine extracte de Ginkgo biloba \u0219i Gotu kola, care ajut\u0103 la cre\u0219terea microcircula\u021biei \u00een urechi. Acest lucru face posibil\u0103 \u00eent\u0103rirea auzului \u0219i protejarea acestuia de daune. <b>Suplimentul pentru auz<\/b> sprijin\u0103, de asemenea, func\u021bia cognitiv\u0103, datorit\u0103 prezen\u021bei vitaminelor B6, B12, C \u0219i a magneziului. Aceste ingrediente stimuleaz\u0103 activitatea creierului, ceea ce \u00eembun\u0103t\u0103\u021be\u0219te concentrarea \u0219i faciliteaz\u0103 procesarea informa\u021biilor.<\/p>\n\n\n\n<p>Otolax are numeroase beneficii, \u00een special pentru cei care se confrunt\u0103 cu disconfort auditiv. Utilizarea regulat\u0103 poate \u00eembun\u0103t\u0103\u021bi semnificativ calitatea vie\u021bii printr-o percep\u021bie mai bun\u0103 a sunetelor. Datorit\u0103 compozi\u021biei sale unice, Otolax ofer\u0103 sprijin pentru s\u0103n\u0103tatea urechii \u0219i a auzului \u00een toate condi\u021biile.<\/p>\n\n\n\n<h2 class=\"wp-block-heading\">Otolax &#8211; efecte ale aplic\u0103rii<\/h2>\n\n\n\n<p><b>Suplimentul alimentar<\/b> Otolax aduce multe beneficii pentru s\u0103n\u0103tatea urechii \u0219i \u00eembun\u0103t\u0103\u021birea auzului. Utilizarea regulat\u0103 reduce simptomele tinitusului, ceea ce \u00eembun\u0103t\u0103\u021be\u0219te semnificativ calitatea vie\u021bii utilizatorului. <b>Efectele Otolax<\/b> includ, de asemenea, sprijin pentru func\u021biile cognitive, cum ar fi cre\u0219terea concentr\u0103rii \u0219i a memoriei. Persoanele care iau acest supliment observ\u0103 schimb\u0103ri pozitive \u00een starea lor de spirit \u0219i \u00een s\u0103n\u0103tatea general\u0103 a auzului.<\/p>\n\n\n\n<p>Este demn de remarcat faptul c\u0103 efectele pot varia \u00een func\u021bie de predispozi\u021bia individual\u0103. Studiile au identificat faptul c\u0103 aproape 466 de milioane de persoane din \u00eentreaga lume sufer\u0103 de probleme de auz. Acest grup include 34 de milioane de tineri, subliniind importan\u021ba supliment\u0103rii \u00een prevenirea problemelor de s\u0103n\u0103tate.<\/p>\n\n\n\n<ul class=\"wp-block-list\">\n<li>Reducerea tinitusului<\/li>\n\n\n\n<li>Concentrare \u0219i memorie \u00eembun\u0103t\u0103\u021bite<\/li>\n\n\n\n<li>Sprijin pentru s\u0103n\u0103tatea creierului<\/li>\n\n\n\n<li>\u00cembun\u0103t\u0103\u021birea calit\u0103\u021bii auzului<\/li>\n<\/ul>\n\n\n\n<p>Otolax este un sprijin valoros pentru o \u00eentreag\u0103 gam\u0103 de provoc\u0103ri de s\u0103n\u0103tate. Utilizatorii atest\u0103 <b>efectele Otolax<\/b>, sim\u021bindu-se mai bine \u0219i beneficiind de suplimente regulate, ceea ce este important \u00een ceea ce prive\u0219te s\u0103n\u0103tatea general\u0103 a urechii. <b>\u00cembun\u0103t\u0103\u021birea auzului<\/b> \u0219i un impact pozitiv asupra bun\u0103st\u0103rii sunt doar c\u00e2teva dintre beneficiile sale.<\/p>\n\n\n\n<h2 class=\"wp-block-heading\">Doza Otolax &#8211; Cum se utilizeaz\u0103?<\/h2>\n\n\n\n<p><b>Utilizarea suplimentului<\/b> Otolax trebuie s\u0103 respecte recomand\u0103rile produc\u0103torului, care pot fi g\u0103site \u00een <em>instruc\u021biunile<\/em> incluse \u00een ambalaj. Doza recomandat\u0103 de Otolax este adaptat\u0103 la individ, astfel \u00eenc\u00e2t doza <b>de Otolax<\/b> poate varia \u00een func\u021bie de v\u00e2rsta \u0219i starea de s\u0103n\u0103tate a utilizatorului. Este recomandabil s\u0103 respecta\u021bi urm\u0103toarele:<\/p>\n\n\n\n<ul class=\"wp-block-list\">\n<li>Otolax trebuie luat timp de 30 de zile pentru rezultate vizibile.<\/li>\n\n\n\n<li>Pentru cei cu pierderea auzului, 95% dintre participan\u021bii la laborator confirm\u0103 restabilirea unor niveluri ridicate de auz dup\u0103 tratament.<\/li>\n\n\n\n<li>Suplimentul este disponibil sub form\u0103 de capsule pentru <b>o utilizare<\/b> u\u0219oar\u0103.<\/li>\n\n\n\n<li>Cheia este s\u0103 nu dep\u0103\u0219i\u021bi doza recomandat\u0103, ceea ce ajut\u0103 la evitarea poten\u021bialelor efecte secundare.<\/li>\n<\/ul>\n\n\n\n<p>Otolax are o formul\u0103 unic\u0103 bazat\u0103 pe ingrediente naturale, cum ar fi extracte de turmeric, anghinare \u0219i balsam de l\u0103m\u00e2ie pentru a sus\u021bine <b>s\u0103n\u0103tatea urechii<\/b>. Acest lucru face ca utilizarea sa s\u0103 fie sigur\u0103 \u0219i s\u0103 nu necesite prescrip\u021bia unui otolaringolog, deoarece nu con\u021bine substan\u021be chimice periculoase.<\/p>\n\n\n\n<figure class=\"wp-block-table\"><table class=\"has-fixed-layout\"><tbody><tr><th>Aspect<\/th><th>Informa\u021bii<\/th><\/tr><tr><td>Doza recomandat\u0103<\/td><td>Timp de 30 de zile, 1 capsul\u0103 pe zi<\/td><\/tr><tr><td>Eficacitate<\/td><td>95% dintre utilizatori \u00ee\u0219i recap\u0103t\u0103 auzul<\/td><\/tr><tr><td>Disponibilitate<\/td><td>Nu se vinde \u00een farmacii, promo\u021bii numai pentru reziden\u021bii ru\u0219i<\/td><\/tr><tr><td>Securitate<\/td><td>Nu necesit\u0103 prescrip\u021bie medical\u0103, nu are efecte secundare semnificative<\/td><\/tr><\/tbody><\/table><\/figure>\n\n\n\n<h2 class=\"wp-block-heading\">Experien\u021bele utilizatorilor \u0219i recenziile Otolax &#8211; ce sunt recenziile?<\/h2>\n\n\n\n<p><b>Opiniile Otolax<\/b> colecteaz\u0103 o varietate de <b>experien\u021be ale utilizatorilor<\/b> care contribuie la o imagine mai complet\u0103 a eficacit\u0103\u021bii acestui supliment. Multe recenzii ale suplimentului eviden\u021biaz\u0103 at\u00e2t efectele pozitive, c\u00e2t \u0219i aspectele de \u00eembun\u0103t\u0103\u021bire.<\/p>\n\n\n\n<blockquote class=\"wp-block-quote is-layout-flow wp-block-quote-is-layout-flow\">\n<p><em>Aneta a spus:<\/em> &#8222;Folosesc Otolax de c\u00e2teva luni \u0219i am observat o \u00eembun\u0103t\u0103\u021bire semnificativ\u0103 a calit\u0103\u021bii auzului meu. Tinitusul care obi\u0219nuia s\u0103 m\u0103 deranjeze s-a redus semnificativ.&#8221;<\/p>\n<\/blockquote>\n\n\n\n<blockquote class=\"wp-block-quote is-layout-flow wp-block-quote-is-layout-flow\">\n<p><em>Marek noteaz\u0103<\/em>: &#8222;Am fost sceptic la \u00eenceput, dar dup\u0103 c\u00e2teva s\u0103pt\u0103m\u00e2ni de utilizare pot spune cu \u00eencredere c\u0103 Otolax mi-a adus u\u0219urare. Munca \u00eentr-un mediu zgomotos a devenit mai suportabil\u0103&#8221;.<\/p>\n<\/blockquote>\n\n\n\n<blockquote class=\"wp-block-quote is-layout-flow wp-block-quote-is-layout-flow\">\n<p><em>Kasia adaug\u0103:<\/em> &#8222;Dozajul este simplu<em>,<\/em> iar efectele au \u00eenceput s\u0103 fie vizibile dup\u0103 doar o lun\u0103. Sunt foarte mul\u021bumit\u0103 de modul \u00een care acest produs a f\u0103cut diferen\u021ba \u00een ceea ce prive\u0219te starea mea de bine.&#8221;<\/p>\n<\/blockquote>\n\n\n\n<p>Rezum\u00e2nd <b>recenziile Otolax<\/b>, utilizatorii indic\u0103 o \u00eembun\u0103t\u0103\u021bire semnificativ\u0103 \u00een domeniul percep\u021biei sunetului \u0219i o reducere a nepl\u0103cerilor asociate tinitusului. <b>Experien\u021ba utilizatorilor<\/b> sugereaz\u0103 c\u0103 Otolax poate fi un sprijin eficient pentru cei care sufer\u0103 de probleme de auz, iar <b>recenziile<\/b> pozitive <b>privind suplimentul<\/b> adaug\u0103 \u00eencredere \u00een calitatea acestuia.<\/p>\n\n\n\n<p>Aceste experien\u021be pozitive \u0219i <b>recenzii ale Otolax<\/b> pot \u00eencuraja pe al\u021bii s\u0103 utilizeze acest supliment pentru a-\u0219i \u00eembun\u0103t\u0103\u021bi auzul \u0219i confortul \u00een via\u021b\u0103.<\/p>\n\n\n\n<h2 class=\"wp-block-heading\">Otolax &#8211; Compozi\u021bie &#8211; Analiza ingredientelor<\/h2>\n\n\n\n<p>Otolax este formulat cu <b>ingrediente naturale<\/b> de \u00eenalt\u0103 calitate pentru a <b>sus\u021bine s\u0103n\u0103tatea urechii<\/b> \u0219i a \u00eembun\u0103t\u0103\u021bi func\u021bia auditiv\u0103. <em>Ginkgo biloba<\/em> \u0219i <em>Gotu kola<\/em> sunt cunoscute pentru propriet\u0103\u021bile lor de \u00eembun\u0103t\u0103\u021bire a circula\u021biei, care contribuie la eficien\u021ba sistemului auditiv. Vitaminele B precum B6 \u0219i B12 sunt esen\u021biale pentru \u00eembun\u0103t\u0103\u021birea func\u021biei cognitive, ceea ce este important pentru cei care se lupt\u0103 cu probleme de auz.<\/p>\n\n\n\n<p>Toate ingredientele au fost selectate cu aten\u021bie. <b>O analiz\u0103 a ingredientelor<\/b> arat\u0103 c\u0103 p\u00e2n\u0103 la 75% din componentele din Otolax provin din surse naturale. Pe l\u00e2ng\u0103 extractele din plante, sunt incluse \u0219i minerale precum <em>magneziul<\/em> \u0219i vitamina C pentru a sus\u021bine func\u021bionarea general\u0103 a organismului.<\/p>\n\n\n\n<figure class=\"wp-block-table\"><table class=\"has-fixed-layout\"><tbody><tr><th>Component\u0103<\/th><th>Func\u021bia<\/th><th>Sursa<\/th><\/tr><tr><td>Ginkgo biloba<\/td><td>\u00cembun\u0103t\u0103\u021be\u0219te circula\u021bia<\/td><td>Extract de plante<\/td><\/tr><tr><td>Gotu kola<\/td><td>Sprijin pentru func\u021biile auditive<\/td><td>Extract de plante<\/td><\/tr><tr><td>Vitamina B6<\/td><td>Func\u021bii cognitive<\/td><td><b>Supliment alimentar<\/b><\/td><\/tr><tr><td>Vitamina B12<\/td><td>Sus\u021bine sistemul nervos<\/td><td><b>Supliment alimentar<\/b><\/td><\/tr><tr><td>Magneziu<\/td><td>Sprijin energetic<\/td><td>Minerale<\/td><\/tr><tr><td>Vitamina C<\/td><td>Antioxidant<\/td><td>Supliment alimentar<\/td><\/tr><\/tbody><\/table><\/figure>\n\n\n\n<p>Produsul nu con\u021bine aditivi sau conservan\u021bi artificiali, ceea ce \u00eel face sigur pentru utilizatori. Utilizarea <em>ingredientelor naturale<\/em> face din Otolax o alternativ\u0103 atractiv\u0103 pentru cei care caut\u0103 un sprijin eficient pentru s\u0103n\u0103tatea auzului.<\/p>\n\n\n\n<h2 class=\"wp-block-heading\">Unde s\u0103 cump\u0103ra\u021bi Otolax &#8211; pre\u021b<\/h2>\n\n\n\n<p>Otolax este disponibil numai de pe site-ul <em>oficial al produc\u0103torului<\/em>, care garanteaz\u0103 produsul de cea mai \u00eenalt\u0103 calitate \u0219i evitarea contrafacerilor. Prin achizi\u021bionarea Otolax de pe acest site, utilizatorii sunt siguri c\u0103 primesc un supliment original, care este crucial \u00een ceea ce prive\u0219te s\u0103n\u0103tatea urechii \u0219i a auzului.<\/p>\n\n\n\n<p>Verificarea regulat\u0103 a site-ului <em>oficial al produc\u0103torului<\/em> v\u0103 va permite s\u0103 ob\u021bine\u021bi cele mai recente informa\u021bii privind <em>pre\u021bul Otolax<\/em> \u0219i ofertele disponibile. De asemenea, se recomand\u0103 abonarea la newsletter, care permite accesul la promo\u021bii \u0219i reduceri exclusive.<\/p>\n\n\n\n<h2 class=\"wp-block-heading\">Otolax &#8211; Efecte secundare \u0219i contraindica\u021bii<\/h2>\n\n\n\n<p>De\u0219i Otolax este un produs bazat pe ingrediente naturale, posibilitatea apari\u021biei efectelor secundare ale Otolax nu poate fi exclus\u0103. Persoanele care sunt alergice la oricare dintre ingrediente pot prezenta o reac\u021bie alergic\u0103, astfel \u00eenc\u00e2t este esen\u021bial s\u0103 se monitorizeze starea de bine dup\u0103 \u00eenceperea utiliz\u0103rii suplimentului.<\/p>\n\n\n\n<p>\u00cenainte de a lua Otolax, \u00een special pentru femeile \u00eens\u0103rcinate \u0219i care al\u0103pteaz\u0103 \u0219i pentru persoanele cu boli cronice, este extrem de important s\u0103 consulta\u021bi un medic. Utilizarea necorespunz\u0103toare a suplimentelor alimentare poate duce la efecte adverse, ceea ce subliniaz\u0103 importan\u021ba siguran\u021bei suplimentului \u00een toate cazurile. \u00cen plus, persoanele cu probleme de s\u0103n\u0103tate, cum ar fi afec\u021biuni ale urechii sau supraproduc\u021bie de cerumen, trebuie s\u0103 aib\u0103 o grij\u0103 deosebit\u0103.<\/p>\n\n\n\n<p>De asemenea, merit\u0103 s\u0103 ne amintim c\u0103 Otolax nu este un remediu \u0219i nu \u00eenlocuie\u0219te \u00eengrijirea medical\u0103 regulat\u0103. Orice <b>contraindica\u021bii<\/b> ar trebui s\u0103 fie luate \u00een considerare pentru a evita eventualele complica\u021bii de s\u0103n\u0103tate. Este \u00eentotdeauna recomandabil s\u0103 ridica\u021bi orice preocup\u0103ri cu medicul dumneavoastr\u0103 pentru a asigura o mai mare siguran\u021b\u0103 \u0219i eficacitate a suplimentului.<\/p>\n\n\n\n<p><\/p>\n","protected":false},"excerpt":{"rendered":"<p><strong>[date_countdown]<\/strong><\/p>\n<p><img decoding=\"async\" class=\"alignnone wp-image-12812\" src=\"https:\/\/policlinicacuplatagalati.ro\/farmacie\/wp-content\/uploads\/2024\/11\/SAFE-PAY-300x88-1.png\" alt=\"SAFE-PAY\" width=\"150\" height=\"44\" \/><\/p>\n","protected":false},"featured_media":12982,"comment_status":"open","ping_status":"closed","template":"","meta":{"neve_meta_sidebar":"","neve_meta_container":"","neve_meta_enable_content_width":"","neve_meta_content_width":0,"neve_meta_title_alignment":"","neve_meta_author_avatar":"","neve_post_elements_order":"","neve_meta_disable_header":"","neve_meta_disable_footer":"","neve_meta_disable_title":"","neve_meta_reading_time":""},"product_brand":[],"product_cat":[573],"product_tag":[],"class_list":{"0":"post-12909","1":"product","2":"type-product","3":"status-publish","4":"has-post-thumbnail","6":"product_cat-sanatate","8":"first","9":"instock","10":"sale","11":"shipping-taxable","12":"product-type-external"},"yoast_head":"<!-- This site is optimized with the Yoast SEO plugin v27.3 - https:\/\/yoast.com\/product\/yoast-seo-wordpress\/ -->\n<title>Otolax - Pareri, Forum, Efecte, Farmacie, Pre\u021b | -50%<\/title>\n<meta name=\"robots\" content=\"index, follow, max-snippet:-1, max-image-preview:large, max-video-preview:-1\" \/>\n<link rel=\"canonical\" href=\"https:\/\/policlinicacuplatagalati.ro\/farmacie\/apt\/otolax\/\" \/>\n<meta property=\"og:locale\" content=\"ro_RO\" \/>\n<meta property=\"og:type\" content=\"article\" \/>\n<meta property=\"og:title\" content=\"Otolax - Pareri, Forum, Efecte, Farmacie, Pre\u021b | -50%\" \/>\n<meta property=\"og:url\" content=\"https:\/\/policlinicacuplatagalati.ro\/farmacie\/apt\/otolax\/\" \/>\n<meta property=\"og:site_name\" content=\"Policlinicacuplatagalati\" \/>\n<meta property=\"article:modified_time\" content=\"2025-01-22T13:41:29+00:00\" \/>\n<meta property=\"og:image\" content=\"https:\/\/policlinicacuplatagalati.ro\/farmacie\/wp-content\/uploads\/2025\/01\/Otolax.png\" \/>\n\t<meta property=\"og:image:width\" content=\"768\" \/>\n\t<meta property=\"og:image:height\" content=\"768\" \/>\n\t<meta property=\"og:image:type\" content=\"image\/png\" \/>\n<meta name=\"twitter:card\" content=\"summary_large_image\" \/>\n<meta name=\"twitter:description\" content=\"[date_countdown]\" \/>\n<meta name=\"twitter:label1\" content=\"Timp estimat pentru citire\" \/>\n\t<meta name=\"twitter:data1\" content=\"7 minute\" \/>\n<script type=\"application\/ld+json\" class=\"yoast-schema-graph\">{\"@context\":\"https:\\\/\\\/schema.org\",\"@graph\":[{\"@type\":\"WebPage\",\"@id\":\"https:\\\/\\\/policlinicacuplatagalati.ro\\\/farmacie\\\/apt\\\/otolax\\\/\",\"url\":\"https:\\\/\\\/policlinicacuplatagalati.ro\\\/farmacie\\\/apt\\\/otolax\\\/\",\"name\":\"Otolax - Pareri, Forum, Efecte, Farmacie, Pre\u021b | -50%\",\"isPartOf\":{\"@id\":\"https:\\\/\\\/policlinicacuplatagalati.ro\\\/farmacie\\\/#website\"},\"primaryImageOfPage\":{\"@id\":\"https:\\\/\\\/policlinicacuplatagalati.ro\\\/farmacie\\\/apt\\\/otolax\\\/#primaryimage\"},\"image\":{\"@id\":\"https:\\\/\\\/policlinicacuplatagalati.ro\\\/farmacie\\\/apt\\\/otolax\\\/#primaryimage\"},\"thumbnailUrl\":\"https:\\\/\\\/policlinicacuplatagalati.ro\\\/farmacie\\\/wp-content\\\/uploads\\\/2025\\\/01\\\/Otolax.png\",\"datePublished\":\"2025-01-20T15:44:50+00:00\",\"dateModified\":\"2025-01-22T13:41:29+00:00\",\"breadcrumb\":{\"@id\":\"https:\\\/\\\/policlinicacuplatagalati.ro\\\/farmacie\\\/apt\\\/otolax\\\/#breadcrumb\"},\"inLanguage\":\"ro-RO\",\"potentialAction\":[{\"@type\":\"ReadAction\",\"target\":[\"https:\\\/\\\/policlinicacuplatagalati.ro\\\/farmacie\\\/apt\\\/otolax\\\/\"]}]},{\"@type\":\"ImageObject\",\"inLanguage\":\"ro-RO\",\"@id\":\"https:\\\/\\\/policlinicacuplatagalati.ro\\\/farmacie\\\/apt\\\/otolax\\\/#primaryimage\",\"url\":\"https:\\\/\\\/policlinicacuplatagalati.ro\\\/farmacie\\\/wp-content\\\/uploads\\\/2025\\\/01\\\/Otolax.png\",\"contentUrl\":\"https:\\\/\\\/policlinicacuplatagalati.ro\\\/farmacie\\\/wp-content\\\/uploads\\\/2025\\\/01\\\/Otolax.png\",\"width\":768,\"height\":768,\"caption\":\"Otolax\"},{\"@type\":\"BreadcrumbList\",\"@id\":\"https:\\\/\\\/policlinicacuplatagalati.ro\\\/farmacie\\\/apt\\\/otolax\\\/#breadcrumb\",\"itemListElement\":[{\"@type\":\"ListItem\",\"position\":1,\"name\":\"Strona g\u0142\u00f3wna\",\"item\":\"https:\\\/\\\/policlinicacuplatagalati.ro\\\/farmacie\\\/\"},{\"@type\":\"ListItem\",\"position\":2,\"name\":\"Produkte\",\"item\":\"https:\\\/\\\/policlinicacuplatagalati.ro\\\/farmacie\\\/\"},{\"@type\":\"ListItem\",\"position\":3,\"name\":\"Otolax\"}]},{\"@type\":\"WebSite\",\"@id\":\"https:\\\/\\\/policlinicacuplatagalati.ro\\\/farmacie\\\/#website\",\"url\":\"https:\\\/\\\/policlinicacuplatagalati.ro\\\/farmacie\\\/\",\"name\":\"Policlinicacuplatagalati\",\"description\":\"\",\"potentialAction\":[{\"@type\":\"SearchAction\",\"target\":{\"@type\":\"EntryPoint\",\"urlTemplate\":\"https:\\\/\\\/policlinicacuplatagalati.ro\\\/farmacie\\\/?s={search_term_string}\"},\"query-input\":{\"@type\":\"PropertyValueSpecification\",\"valueRequired\":true,\"valueName\":\"search_term_string\"}}],\"inLanguage\":\"ro-RO\"}]}<\/script>\n<!-- \/ Yoast SEO plugin. -->","yoast_head_json":{"title":"Otolax - Pareri, Forum, Efecte, Farmacie, Pre\u021b | -50%","robots":{"index":"index","follow":"follow","max-snippet":"max-snippet:-1","max-image-preview":"max-image-preview:large","max-video-preview":"max-video-preview:-1"},"canonical":"https:\/\/policlinicacuplatagalati.ro\/farmacie\/apt\/otolax\/","og_locale":"ro_RO","og_type":"article","og_title":"Otolax - Pareri, Forum, Efecte, Farmacie, Pre\u021b | -50%","og_url":"https:\/\/policlinicacuplatagalati.ro\/farmacie\/apt\/otolax\/","og_site_name":"Policlinicacuplatagalati","article_modified_time":"2025-01-22T13:41:29+00:00","og_image":[{"width":768,"height":768,"url":"https:\/\/policlinicacuplatagalati.ro\/farmacie\/wp-content\/uploads\/2025\/01\/Otolax.png","type":"image\/png"}],"twitter_card":"summary_large_image","twitter_description":"[date_countdown]","twitter_misc":{"Timp estimat pentru citire":"7 minute"},"schema":{"@context":"https:\/\/schema.org","@graph":[{"@type":"WebPage","@id":"https:\/\/policlinicacuplatagalati.ro\/farmacie\/apt\/otolax\/","url":"https:\/\/policlinicacuplatagalati.ro\/farmacie\/apt\/otolax\/","name":"Otolax - Pareri, Forum, Efecte, Farmacie, Pre\u021b | -50%","isPartOf":{"@id":"https:\/\/policlinicacuplatagalati.ro\/farmacie\/#website"},"primaryImageOfPage":{"@id":"https:\/\/policlinicacuplatagalati.ro\/farmacie\/apt\/otolax\/#primaryimage"},"image":{"@id":"https:\/\/policlinicacuplatagalati.ro\/farmacie\/apt\/otolax\/#primaryimage"},"thumbnailUrl":"https:\/\/policlinicacuplatagalati.ro\/farmacie\/wp-content\/uploads\/2025\/01\/Otolax.png","datePublished":"2025-01-20T15:44:50+00:00","dateModified":"2025-01-22T13:41:29+00:00","breadcrumb":{"@id":"https:\/\/policlinicacuplatagalati.ro\/farmacie\/apt\/otolax\/#breadcrumb"},"inLanguage":"ro-RO","potentialAction":[{"@type":"ReadAction","target":["https:\/\/policlinicacuplatagalati.ro\/farmacie\/apt\/otolax\/"]}]},{"@type":"ImageObject","inLanguage":"ro-RO","@id":"https:\/\/policlinicacuplatagalati.ro\/farmacie\/apt\/otolax\/#primaryimage","url":"https:\/\/policlinicacuplatagalati.ro\/farmacie\/wp-content\/uploads\/2025\/01\/Otolax.png","contentUrl":"https:\/\/policlinicacuplatagalati.ro\/farmacie\/wp-content\/uploads\/2025\/01\/Otolax.png","width":768,"height":768,"caption":"Otolax"},{"@type":"BreadcrumbList","@id":"https:\/\/policlinicacuplatagalati.ro\/farmacie\/apt\/otolax\/#breadcrumb","itemListElement":[{"@type":"ListItem","position":1,"name":"Strona g\u0142\u00f3wna","item":"https:\/\/policlinicacuplatagalati.ro\/farmacie\/"},{"@type":"ListItem","position":2,"name":"Produkte","item":"https:\/\/policlinicacuplatagalati.ro\/farmacie\/"},{"@type":"ListItem","position":3,"name":"Otolax"}]},{"@type":"WebSite","@id":"https:\/\/policlinicacuplatagalati.ro\/farmacie\/#website","url":"https:\/\/policlinicacuplatagalati.ro\/farmacie\/","name":"Policlinicacuplatagalati","description":"","potentialAction":[{"@type":"SearchAction","target":{"@type":"EntryPoint","urlTemplate":"https:\/\/policlinicacuplatagalati.ro\/farmacie\/?s={search_term_string}"},"query-input":{"@type":"PropertyValueSpecification","valueRequired":true,"valueName":"search_term_string"}}],"inLanguage":"ro-RO"}]}},"_links":{"self":[{"href":"https:\/\/policlinicacuplatagalati.ro\/farmacie\/wp-json\/wp\/v2\/product\/12909","targetHints":{"allow":["GET"]}}],"collection":[{"href":"https:\/\/policlinicacuplatagalati.ro\/farmacie\/wp-json\/wp\/v2\/product"}],"about":[{"href":"https:\/\/policlinicacuplatagalati.ro\/farmacie\/wp-json\/wp\/v2\/types\/product"}],"replies":[{"embeddable":true,"href":"https:\/\/policlinicacuplatagalati.ro\/farmacie\/wp-json\/wp\/v2\/comments?post=12909"}],"wp:featuredmedia":[{"embeddable":true,"href":"https:\/\/policlinicacuplatagalati.ro\/farmacie\/wp-json\/wp\/v2\/media\/12982"}],"wp:attachment":[{"href":"https:\/\/policlinicacuplatagalati.ro\/farmacie\/wp-json\/wp\/v2\/media?parent=12909"}],"wp:term":[{"taxonomy":"product_brand","embeddable":true,"href":"https:\/\/policlinicacuplatagalati.ro\/farmacie\/wp-json\/wp\/v2\/product_brand?post=12909"},{"taxonomy":"product_cat","embeddable":true,"href":"https:\/\/policlinicacuplatagalati.ro\/farmacie\/wp-json\/wp\/v2\/product_cat?post=12909"},{"taxonomy":"product_tag","embeddable":true,"href":"https:\/\/policlinicacuplatagalati.ro\/farmacie\/wp-json\/wp\/v2\/product_tag?post=12909"}],"curies":[{"name":"wp","href":"https:\/\/api.w.org\/{rel}","templated":true}]}}